e the second derivative of d**3 - 29*d**2/2 - 17*d. What are the prime factors of w(9)?
5
Let u(q) = -q**3 - 17*q**2 + 31*q + 17. What are the prime factors of u(-19)?
2, 3, 5
Let n be (-38)/133 + (-54)/7. Let a(r) = -r**3 - 6*r**2 + 10*r - 2. What are the prime factors of a(n)?
2, 23
Suppose 0 = -18*b - 9 - 27. Let y(n) = 26*n**2 - 5*n - 4. What are the prime factors of y(b)?
2, 5, 11
Suppose -u = 3*j - 0*u + 4, 4*j + u = -4. Suppose -4*i = 4*p - 260, j = i - p - 30 - 27. What are the prime factors of i?
61
Suppose -2*j + 0 + 4 = 0, 2*j - 13 = -3*s. Suppose -5 - 10 = -5*h, s*u - 162 = -5*h. What are the prime factors of u?
7
List the prime factors of -50*(3 - 8 - 18).
2, 5, 23
Let a be 3/(-3)*5/(-5). Let k(l) = 199*l**3 + l**2 - 2*l + 1. List the prime factors of k(a).
199
Suppose h - 144 = 6*h - p, -2*h = 4*p + 62. Let u = -400 - -450. Let n = h + u. What are the prime factors of n?
3, 7
Suppose -f + 0 + 5 = 0. Suppose 5*m + 4*l - 27 = 0, 3*m - l = -f*l + 21. List the prime factors of m.
3
Suppose 2*t = y - 2106, -3*t = -104*y + 101*y + 6327. What are the prime factors of y?
2, 3, 11
Let s(n) = -n**3 - 20*n**2 - 26*n - 4. List the prime factors of s(-19).
3, 43
Suppose i - 16 = 2*m + 2*i, 5*m + 5*i + 40 = 0. Let r(n) = 9*n + 7. Let t be r(m). Let s = -37 - t. List the prime factors of s.
2, 7
Let q be 6 - 312/54 - (-709)/9. Suppose 2*z - q = z. What are the prime factors of z?
79
Suppose -l - 5*c - 255 = 2*l, -2*l - c = 177. Let n = l - -196. List the prime factors of n.
2, 53
Let m be ((-2)/1 + 1)*27. Let u be (-6)/m - (-176)/18. Suppose 70 - u = 3*z. List the prime factors of z.
2, 5
What are the prime factors of (4 - (7 + (3 - 6))) + 66?
2, 3, 11
Let r = 208 - 75. Suppose 114 = 3*w - a, -3*w - 5*a + r = 1. What are the prime factors of w?
3, 13
Let x(p) be the first derivative of -7*p**2/2 + 29*p + 1. What are the prime factors of x(-6)?
71
Let c(m) = 9*m**2 + 5*m + 7. Let t be c(-3). Suppose 65 = 3*n - t. What are the prime factors of n?
2, 23
List the prime factors of ((-8)/5)/(-4)*(-5200)/(-16).
2, 5, 13
Let t be 8/(-6)*(-927)/6. Let g = t - 113. Suppose o + g = 3*m - 2*o, 95 = 3*m - 4*o. What are the prime factors of m?
29
Let z(n) = 6*n**2 - 12*n + 15. Suppose -12*s - 35 = 37. List the prime factors of z(s).
3, 101
Let g(m) = m**3 + 3*m**2 - 3*m - 3. Let f be g(-4). Let l(q) = -7*q - 11. Let v(t) = -6*t - 13. Let b(w) = -2*l(w) + 3*v(w). List the prime factors of b(f).
11
Let i = 13 - 3. Let g(l) = l**2 + 4*l - 12. List the prime factors of g(i).
2
Suppose 2*f - 6 = -o, 3*f + f = 4*o. Suppose 3*y - f*y = 19. List the prime factors of y.
19
Let h(i) = -3*i**2 + 1. Let z = 4 - 3. Let l be h(z). Let r(j) = -2*j + 1. What are the prime factors of r(l)?
5
Suppose 2*x = 5*c - 8*c + 25, 3*c - 5*x = 11. Suppose 10*k - 183 = c*k. What are the prime factors of k?
61
What are the prime factors of (-5 - 100219/(-35)) + 4/(-10)?
2, 1429
Let j(f) = 16 + f - 10 - 2*f + 4*f. Let d = 10 + -6. What are the prime factors of j(d)?
2, 3
Let q = 14 - 11. Suppose -4*j - 3 - 18 = -q*a, -j + 16 = -5*a. List the prime factors of (j/(-15))/((-2)/(-40)).
2, 3
Suppose -7*d + 225 = -139. List the prime factors of d.
2, 13
List the prime factors of -11*29442/(-98) - 2/(-7).
5, 661
Suppose -8*t + 19*t = -1540. Let f = -63 - t. What are the prime factors of f?
7, 11
Let r(a) = -25*a - 32 - 18*a + 40. What are the prime factors of r(-4)?
2, 3, 5
Let k = -494 - -777. Suppose 0 = 2*l - k + 103. What are the prime factors of l?
2, 3, 5
Let u(d) = d**3 - 7*d**2 + 7. Let b be u(7). Let w = 9 - b. What are the prime factors of w?
2
Let r(b) = -b + 2. Let z be r(7). Let w(c) = -11*c - 2. Let l be w(2). Let i = z - l. What are the prime factors of i?
19
Let b be 1*2*(-6 - -3). Let d = b + 10. Suppose u = -d*v + 141, -4*v = v + 4*u - 179. List the prime factors of v.
5, 7
Suppose 37*u = -8*u + 8775. What are the prime factors of u?
3, 5, 13
Let s(r) = r**2 - 16*r + 6. Let y be s(11). Let z = 141 + y. What are the prime factors of z?
2, 23
Let q be 3*-1*12/(-9). Suppose -y - 5 = q*y. What are the prime factors of y - 14*(-3)/2?
2, 5
Suppose 0 = -4*n, -4*n - 333 = -y - 8*n. Suppose -3*p + 4*f = 2*f - y, 0 = 5*p - 2*f - 555. List the prime factors of p.
3, 37
Let f(j) = j**2 - 18*j - 13. Let u be f(9). List the prime factors of 9/(-24)*u + (-3)/12.
5, 7
Let m(n) = -n**3 + 6*n**2 + 8*n - 7. Let f be m(7). Suppose f = -2*d + 9*d - 553. What are the prime factors of d?
79
Suppose 3*c - 6 = 0, 4*t - 2*c + 42 = -18. Let m = 85 - t. List the prime factors of m.
3, 11
What are the prime factors of 98 - (5/(-25) + (-18)/(-15))?
97
Let s(g) = 4*g**3 - 5*g**2 - 26*g + 117. List the prime factors of s(7).
2, 3, 59
Suppose k - 133 = -3*p + 81, 3*k + 307 = 4*p. Suppose 29 = 6*y - p. What are the prime factors of y?
17
Suppose 3*z + 13*k - 16*k = 16203, 0 = -3*z + 2*k + 16207. List the prime factors of z.
5, 23, 47
Let y(v) = 71*v + 932. What are the prime factors of y(0)?
2, 233
Let g(h) be the first derivative of -4*h**2 + 16*h + 53. What are the prime factors of g(-23)?
2, 5
Let g(n) = 5*n + 38. Let m be g(-16). Let b = m - -88. What are the prime factors of b?
2, 23
Suppose -4*n + 720 = 4*j - 2*j, -1460 = -4*j - 4*n. List the prime factors of j.
2, 5, 37
Suppose 2*w + 5*g + 1724 = 9179, 0 = -w + 3*g + 3722. What are the prime factors of w?
5, 149
Let y(v) = v**3 + 7*v**2 - 8*v - 13. Let s be y(-8). Let d be 24*(s/4 - -4). Let c = d - -22. What are the prime factors of c?
2, 5
Let s(k) = 24*k**2 + 17*k - 67. List the prime factors of s(6).
29, 31
List the prime factors of (16/(-6))/((-45)/2160).
2
Suppose -5*o - 95 = -475. Suppose o = 2*w + 2*w. List the prime factors of w.
19
Let o be 0 + (1344/4)/(-4). List the prime factors of -1*2/7 - 7668/o.
7, 13
Let z = -357 + 149. Let o = 302 + z. What are the prime factors of o?
2, 47
Let m be 25/10*4/5. Suppose 5*d = -p + 115, -d + 3*p + p = -m. What are the prime factors of d?
2, 11
Suppose 8 = s - 2*k - k, 0 = 4*s - k - 10. List the prime factors of s/((-4)/(-10) - 26/90).
2, 3
Let z(q) = 2*q**2 + 5*q - 7. Let m(t) = 6*t**3 - t**2 - t + 1. Let r = 31 + -30. Let a be m(r). What are the prime factors of z(a)?
2, 17
Let w = -348 + 737. List the prime factors of w.
389
Suppose -p = 4, j - p = 3*j + 4. Suppose j = -f + 3*f. Suppose f = -n - 1 + 21. What are the prime factors of n?
2, 5
Suppose 0 = 12*i - 1454 - 2206. What are the prime factors of i?
5, 61
Let j(h) = 4*h - 3. Let y be j(5). Suppose 4*l + 1 - y = 0. What are the prime factors of l?
2
Let d = -1419 + 5072. List the prime factors of d.
13, 281
Suppose f - 13700 = -24*f. List the prime factors of f.
2, 137
Let v(y) = y + 15. Let f be v(-12). Let s be 2 + (-1)/f*0. Suppose 0 = -s*o + 86 + 34. List the prime factors of o.
2, 3, 5
What are the prime factors of -196*(3 - 18/4)?
2, 3, 7
Suppose 4*l - 146 = 4*z - l, 3*z + 115 = l. List the prime factors of (4/30*z)/(1/(-5)).
2, 13
Let f(n) = -61*n - 20. List the prime factors of f(-6).
2, 173
Suppose 3*p = -38 - 25. Let s = p + 139. List the prime factors of s.
2, 59
Suppose -12*o + 2163 - 663 = 0. What are the prime factors of o?
5
Suppose -8*z - 24 = -4*b - 4*z, 0 = -2*b - 5*z - 16. Suppose -4*r + 0*r - 3*j + 986 = 0, b*j - 494 = -2*r. What are the prime factors of r?
5, 7
What are the prime factors of -2*2974/(-4) - (-37 - -31)?
1493
Let t(k) be the first derivative of 5/3*k**3 + 1/4*k**4 + 8 - 7/2*k**2 + 3*k. List the prime factors of t(-6).
3
Let k(h) be the first derivative of 2*h**3/3 + h**2 - h + 5. Let q be k(2). Suppose q*c = 13*c - 8. What are the prime factors of c?
2
Let r = 115 + 115. List the prime factors of r.
2, 5, 23
Let n be 0/(-2)*(-4)/8. Suppose 2*q - 2*j = 170, 3*j + n*j = -5*q + 433. List the prime factors of q.
2, 43
Suppose 4412 = 13*c - 11*c + 5*h, 10997 = 5*c - 4*h. List the prime factors of c.
31, 71
Let f be 4*(18/8)/3. Suppose -g + f*u + 45 - 10 = 0, -3*g + 133 = -2*u. List the prime factors of g.
47
Let v = -6 - 13. List the prime factors of (v - (2 - -1))*85/(-10).
11, 17
Let f = 16 - 14. Let y be 884/91 + f/7. Suppose 9*r + 14 = y*r. List the prime factors of r.
2, 7
Suppose v - 22 = -2*x, v - 14 = -4*x + 34. Suppose 5*i + x = 33. Suppose 0 = -i*u + 6*u - 120. What are the prime factors of u?
2, 3, 5
Let 